{"id":211,"date":"2018-06-20T10:29:52","date_gmt":"2018-06-20T08:29:52","guid":{"rendered":"http:\/\/farishams.com\/home\/?page_id=211"},"modified":"2023-06-20T14:51:24","modified_gmt":"2023-06-20T12:51:24","slug":"personal-educator","status":"publish","type":"page","link":"https:\/\/farishams.com\/home\/personal-educator\/","title":{"rendered":"Personal Educator"},"content":{"rendered":"","protected":false},"excerpt":{"rendered":"","protected":false},"author":1,"featured_media":0,"parent":0,"menu_order":5,"comment_status":"closed","ping_status":"closed","template":"","meta":[],"class_list":["post-211","page","type-page","status-publish","hentry"],"grid":"{\r\n  \"colCount\": 12,\r\n  \"colGutter\": 1,\r\n  \"rowGutters\": [\r\n    3,\r\n    2,\r\n    2\r\n  ],\r\n  \"frameMargin\": 8,\r\n  \"topFrameMargin\": 75,\r\n  \"bottomFrameMargin\": 5,\r\n  \"rowAttrs\": [\r\n    {},\r\n    {},\r\n    {},\r\n    {}\r\n  ],\r\n  \"bgColor\": null,\r\n  \"cont\": [\r\n    {\r\n      \"carousel\": [\r\n        {\r\n          \"type\": \"img\",\r\n          \"attid\": 367,\r\n          \"cont\": \"\/wp-content\/uploads\/2022\/04\/PE_inst_1.jpg\",\r\n          \"sizes\": {\r\n            \"full\": \"\/wp-content\/uploads\/2022\/04\/PE_inst_1.jpg\",\r\n            \"_1024\": \"\/wp-content\/uploads\/2022\/04\/PE_inst_1-1024x684.jpg\",\r\n            \"_768\": \"\/wp-content\/uploads\/2022\/04\/PE_inst_1-768x513.jpg\",\r\n            \"_512\": \"\/wp-content\/uploads\/2022\/04\/PE_inst_1-512x342.jpg\",\r\n            \"_265\": \"\/wp-content\/uploads\/2022\/04\/PE_inst_1-265x177.jpg\"\r\n          },\r\n          \"w\": 1200,\r\n          \"h\": 801,\r\n          \"ar\": 0.6675,\r\n          \"alt\": \"\"\r\n        },\r\n        {\r\n          \"type\": \"img\",\r\n          \"attid\": 228,\r\n          \"sizes\": {\r\n            \"_1024\": \"http:\/\/farishams.com\/home\/wp-content\/uploads\/2018\/08\/view-backflat-1024x684.jpg\",\r\n            \"_768\": \"http:\/\/farishams.com\/home\/wp-content\/uploads\/2018\/08\/view-backflat-768x513.jpg\",\r\n            \"_512\": \"http:\/\/farishams.com\/home\/wp-content\/uploads\/2018\/08\/view-backflat-512x342.jpg\",\r\n            \"_265\": \"http:\/\/farishams.com\/home\/wp-content\/uploads\/2018\/08\/view-backflat-265x177.jpg\",\r\n            \"full\": \"http:\/\/farishams.com\/home\/wp-content\/uploads\/2018\/08\/view-backflat.jpg\"\r\n          },\r\n          \"cont\": \"http:\/\/farishams.com\/home\/wp-content\/uploads\/2018\/08\/view-backflat-1024x684.jpg\",\r\n          \"ar\": 0.6675,\r\n          \"ix\": 1,\r\n          \"orientation\": \"landscape\"\r\n        },\r\n        {\r\n          \"type\": \"img\",\r\n          \"attid\": 218,\r\n          \"sizes\": {\r\n            \"_1024\": \"http:\/\/farishams.com\/home\/wp-content\/uploads\/2018\/08\/interview-1024x600.jpg\",\r\n            \"_768\": \"http:\/\/farishams.com\/home\/wp-content\/uploads\/2018\/08\/interview-768x450.jpg\",\r\n            \"_512\": \"http:\/\/farishams.com\/home\/wp-content\/uploads\/2018\/08\/interview-512x300.jpg\",\r\n            \"_265\": \"http:\/\/farishams.com\/home\/wp-content\/uploads\/2018\/08\/interview-265x155.jpg\",\r\n            \"full\": \"http:\/\/farishams.com\/home\/wp-content\/uploads\/2018\/08\/interview.jpg\"\r\n          },\r\n          \"cont\": \"http:\/\/farishams.com\/home\/wp-content\/uploads\/2018\/08\/interview-1024x600.jpg\",\r\n          \"ar\": 0.5858333333333333,\r\n          \"ix\": 2,\r\n          \"orientation\": \"landscape\"\r\n        },\r\n        {\r\n          \"type\": \"img\",\r\n          \"attid\": 222,\r\n          \"sizes\": {\r\n            \"_1024\": \"http:\/\/farishams.com\/home\/wp-content\/uploads\/2018\/08\/playing-with-panels-1024x626.jpg\",\r\n            \"_768\": \"http:\/\/farishams.com\/home\/wp-content\/uploads\/2018\/08\/playing-with-panels-768x470.jpg\",\r\n            \"_512\": \"http:\/\/farishams.com\/home\/wp-content\/uploads\/2018\/08\/playing-with-panels-512x313.jpg\",\r\n            \"_265\": \"http:\/\/farishams.com\/home\/wp-content\/uploads\/2018\/08\/playing-with-panels-265x162.jpg\",\r\n            \"full\": \"http:\/\/farishams.com\/home\/wp-content\/uploads\/2018\/08\/playing-with-panels.jpg\"\r\n          },\r\n          \"cont\": \"http:\/\/farishams.com\/home\/wp-content\/uploads\/2018\/08\/playing-with-panels-1024x626.jpg\",\r\n          \"ar\": 0.6116666666666667,\r\n          \"ix\": 3,\r\n          \"orientation\": \"landscape\"\r\n        },\r\n        {\r\n          \"type\": \"img\",\r\n          \"attid\": 223,\r\n          \"sizes\": {\r\n            \"_1024\": \"http:\/\/farishams.com\/home\/wp-content\/uploads\/2018\/08\/ppl-1024x684.jpg\",\r\n            \"_768\": \"http:\/\/farishams.com\/home\/wp-content\/uploads\/2018\/08\/ppl-768x513.jpg\",\r\n            \"_512\": \"http:\/\/farishams.com\/home\/wp-content\/uploads\/2018\/08\/ppl-512x342.jpg\",\r\n            \"_265\": \"http:\/\/farishams.com\/home\/wp-content\/uploads\/2018\/08\/ppl-265x177.jpg\",\r\n            \"full\": \"http:\/\/farishams.com\/home\/wp-content\/uploads\/2018\/08\/ppl.jpg\"\r\n          },\r\n          \"cont\": \"http:\/\/farishams.com\/home\/wp-content\/uploads\/2018\/08\/ppl-1024x684.jpg\",\r\n          \"ar\": 0.6675,\r\n          \"ix\": 4,\r\n          \"orientation\": \"landscape\"\r\n        },\r\n        {\r\n          \"type\": \"img\",\r\n          \"attid\": 224,\r\n          \"sizes\": {\r\n            \"_1024\": \"http:\/\/farishams.com\/home\/wp-content\/uploads\/2018\/08\/reading-1024x649.jpg\",\r\n            \"_768\": \"http:\/\/farishams.com\/home\/wp-content\/uploads\/2018\/08\/reading-768x486.jpg\",\r\n            \"_512\": \"http:\/\/farishams.com\/home\/wp-content\/uploads\/2018\/08\/reading-512x324.jpg\",\r\n            \"_265\": \"http:\/\/farishams.com\/home\/wp-content\/uploads\/2018\/08\/reading-265x168.jpg\",\r\n            \"full\": \"http:\/\/farishams.com\/home\/wp-content\/uploads\/2018\/08\/reading.jpg\"\r\n          },\r\n          \"cont\": \"http:\/\/farishams.com\/home\/wp-content\/uploads\/2018\/08\/reading-1024x649.jpg\",\r\n          \"ar\": 0.6333333333333333,\r\n          \"ix\": 5,\r\n          \"orientation\": \"landscape\"\r\n        },\r\n        {\r\n          \"type\": \"img\",\r\n          \"attid\": 219,\r\n          \"sizes\": {\r\n            \"_1024\": \"http:\/\/farishams.com\/home\/wp-content\/uploads\/2018\/08\/lol-1024x591.jpg\",\r\n            \"_768\": \"http:\/\/farishams.com\/home\/wp-content\/uploads\/2018\/08\/lol-768x444.jpg\",\r\n            \"_512\": \"http:\/\/farishams.com\/home\/wp-content\/uploads\/2018\/08\/lol-512x296.jpg\",\r\n            \"_265\": \"http:\/\/farishams.com\/home\/wp-content\/uploads\/2018\/08\/lol-265x153.jpg\",\r\n            \"full\": \"http:\/\/farishams.com\/home\/wp-content\/uploads\/2018\/08\/lol.jpg\"\r\n          },\r\n          \"cont\": \"http:\/\/farishams.com\/home\/wp-content\/uploads\/2018\/08\/lol-1024x591.jpg\",\r\n          \"ar\": 0.5775,\r\n          \"ix\": 6,\r\n          \"orientation\": \"landscape\"\r\n        },\r\n        {\r\n          \"type\": \"img\",\r\n          \"attid\": 221,\r\n          \"sizes\": {\r\n            \"_1024\": \"http:\/\/farishams.com\/home\/wp-content\/uploads\/2018\/08\/physed-1024x645.jpg\",\r\n            \"_768\": \"http:\/\/farishams.com\/home\/wp-content\/uploads\/2018\/08\/physed-768x484.jpg\",\r\n            \"_512\": \"http:\/\/farishams.com\/home\/wp-content\/uploads\/2018\/08\/physed-512x323.jpg\",\r\n            \"_265\": \"http:\/\/farishams.com\/home\/wp-content\/uploads\/2018\/08\/physed-265x167.jpg\",\r\n            \"full\": \"http:\/\/farishams.com\/home\/wp-content\/uploads\/2018\/08\/physed.jpg\"\r\n          },\r\n          \"cont\": \"http:\/\/farishams.com\/home\/wp-content\/uploads\/2018\/08\/physed-1024x645.jpg\",\r\n          \"ar\": 0.63,\r\n          \"ix\": 7,\r\n          \"orientation\": \"landscape\"\r\n        },\r\n        {\r\n          \"type\": \"img\",\r\n          \"attid\": 216,\r\n          \"sizes\": {\r\n            \"_1024\": \"http:\/\/farishams.com\/home\/wp-content\/uploads\/2018\/08\/camus-1024x769.jpg\",\r\n            \"_768\": \"http:\/\/farishams.com\/home\/wp-content\/uploads\/2018\/08\/camus-768x577.jpg\",\r\n            \"_512\": \"http:\/\/farishams.com\/home\/wp-content\/uploads\/2018\/08\/camus-512x384.jpg\",\r\n            \"_265\": \"http:\/\/farishams.com\/home\/wp-content\/uploads\/2018\/08\/camus-265x199.jpg\",\r\n            \"full\": \"http:\/\/farishams.com\/home\/wp-content\/uploads\/2018\/08\/camus.jpg\"\r\n          },\r\n          \"cont\": \"http:\/\/farishams.com\/home\/wp-content\/uploads\/2018\/08\/camus-1024x769.jpg\",\r\n          \"ar\": 0.7508333333333334,\r\n          \"ix\": 8,\r\n          \"orientation\": \"landscape\"\r\n        },\r\n        {\r\n          \"type\": \"img\",\r\n          \"attid\": 217,\r\n          \"sizes\": {\r\n            \"_768\": \"http:\/\/farishams.com\/home\/wp-content\/uploads\/2018\/08\/homoludens-reading-768x1151.jpg\",\r\n            \"_512\": \"http:\/\/farishams.com\/home\/wp-content\/uploads\/2018\/08\/homoludens-reading-512x767.jpg\",\r\n            \"_265\": \"http:\/\/farishams.com\/home\/wp-content\/uploads\/2018\/08\/homoludens-reading-265x397.jpg\",\r\n            \"full\": \"http:\/\/farishams.com\/home\/wp-content\/uploads\/2018\/08\/homoludens-reading.jpg\"\r\n          },\r\n          \"cont\": \"http:\/\/farishams.com\/home\/wp-content\/uploads\/2018\/08\/homoludens-reading-768x1151.jpg\",\r\n          \"ar\": 1.4981273408239701,\r\n          \"ix\": 9,\r\n          \"orientation\": \"portrait\"\r\n        },\r\n        {\r\n          \"type\": \"img\",\r\n          \"attid\": 220,\r\n          \"sizes\": {\r\n            \"_768\": \"http:\/\/farishams.com\/home\/wp-content\/uploads\/2018\/08\/panels-768x1151.jpg\",\r\n            \"_512\": \"http:\/\/farishams.com\/home\/wp-content\/uploads\/2018\/08\/panels-512x767.jpg\",\r\n            \"_265\": \"http:\/\/farishams.com\/home\/wp-content\/uploads\/2018\/08\/panels-265x397.jpg\",\r\n            \"full\": \"http:\/\/farishams.com\/home\/wp-content\/uploads\/2018\/08\/panels.jpg\"\r\n          },\r\n          \"cont\": \"http:\/\/farishams.com\/home\/wp-content\/uploads\/2018\/08\/panels-768x1151.jpg\",\r\n          \"ar\": 1.4981273408239701,\r\n          \"ix\": 10,\r\n          \"orientation\": \"portrait\"\r\n        },\r\n        {\r\n          \"type\": \"img\",\r\n          \"attid\": 225,\r\n          \"sizes\": {\r\n            \"_1920\": \"http:\/\/farishams.com\/home\/wp-content\/uploads\/2018\/08\/20th-july-1920x2715.jpg\",\r\n            \"_1280\": \"http:\/\/farishams.com\/home\/wp-content\/uploads\/2018\/08\/20th-july-1280x1810.jpg\",\r\n            \"_1024\": \"http:\/\/farishams.com\/home\/wp-content\/uploads\/2018\/08\/20th-july-1024x1448.jpg\",\r\n            \"_768\": \"http:\/\/farishams.com\/home\/wp-content\/uploads\/2018\/08\/20th-july-768x1086.jpg\",\r\n            \"_512\": \"http:\/\/farishams.com\/home\/wp-content\/uploads\/2018\/08\/20th-july-512x724.jpg\",\r\n            \"_265\": \"http:\/\/farishams.com\/home\/wp-content\/uploads\/2018\/08\/20th-july-265x375.jpg\",\r\n            \"full\": \"http:\/\/farishams.com\/home\/wp-content\/uploads\/2018\/08\/20th-july.jpg\"\r\n          },\r\n          \"cont\": \"http:\/\/farishams.com\/home\/wp-content\/uploads\/2018\/08\/20th-july-1920x2715.jpg\",\r\n          \"ar\": 1.414279606669517,\r\n          \"ix\": 11,\r\n          \"orientation\": \"portrait\"\r\n        }\r\n      ],\r\n      \"type\": \"carousel\",\r\n      \"align\": \"bottom\",\r\n      \"carousel_options\": {\r\n        \"random\": false,\r\n        \"autoplay\": false,\r\n        \"size\": \"aspectRatioOfFirstElement\",\r\n        \"transition\": \"sliding\",\r\n        \"loop\": \"1\"\r\n      },\r\n      \"row\": 0,\r\n      \"col\": 0,\r\n      \"colspan\": 12,\r\n      \"offsetx\": 0,\r\n      \"offsety\": 0,\r\n      \"spaceabove\": 0,\r\n      \"spacebelow\": 0,\r\n      \"yvel\": 0,\r\n      \"push\": 0,\r\n      \"relid\": 4,\r\n      \"caption\": \"<p><span style=\\\"font-size: 10px;\\\"><br \/>Personal Educator - <i>ein experimentelles Lehrst\u00fcck <br \/><\/i>2018<br \/>Parkhaus, Malkasten Park <br \/><\/span><\/p>\"\r\n    },\r\n    {\r\n      \"type\": \"text\",\r\n      \"cont\": \"<p class=\\\"_Default\\\" style=\\\"text-align: left; line-height: 1.4;\\\"><span style=\\\"font-size: 12px; font-family: helvetica, sans-serif;\\\">Playgrounds are highly charged and active social spaces. These spaces are filled with the potential for engagement and interaction and are a powerful reflection of the approach of the community to learning.<\/span><br \/><span style=\\\"font-size: 12px; font-family: helvetica, sans-serif;\\\"><span style=\\\"background-color: #ffffff; letter-spacing: 0em; text-indent: 0em;\\\">The majority of playgrounds however are fenced off, formally predefined, and are composed of an established set of structures. The materials and their forms determine the possibilities of interaction and are static. Easy maintenance, longevity, and durability are all characteristics of the majority of playgrounds, marking an industrialization of the act of play and defining when it should start and stop.<br \/><\/span>Play is considered to be an activity for children, and when adults play the competitive nature of the activity demands quantifiable outcomes that can be measured and compared.\u00a0<\/span><br \/><span style=\\\"font-size: 12px; font-family: helvetica, sans-serif;\\\">The users of the playground return less frequently once they are old enough to go to school, and in this environment, a new set of parameters are present that will affect the process of learning.<span class=\\\"Apple-converted-space\\\">\u00a0 \u00a0<br \/><\/span>The history of school architecture reveals that schools have always resembled the institutions that justified their purpose. Initially this was the church, and later the state.<\/span><br \/><span style=\\\"font-size: 12px; font-family: helvetica, sans-serif;\\\">The schools of tomorrow may well be digital entities, mirroring the Big Tech companies that are creating systems called \u2018Personalized learning Platforms\u2019 (PLP).The shrinking of spaces of learning however, evokes images of isolated individuals working at their own speed and according to their abilities but doing so at an increasing distance from their peers. Simultaneously a profile of each individual is accumulated over a number of years, including everything from test scores to what is read and watched.<\/span><\/p><p class=\\\"p1\\\">\u00a0<\/p><p class=\\\"p1\\\">\u00a0<\/p>\",\r\n      \"align\": \"top\",\r\n      \"row\": 1,\r\n      \"col\": 0,\r\n      \"colspan\": 6,\r\n      \"offsetx\": 0,\r\n      \"offsety\": 0,\r\n      \"spaceabove\": 0,\r\n      \"spacebelow\": 0,\r\n      \"yvel\": 0,\r\n      \"push\": 0,\r\n      \"relid\": 6\r\n    },\r\n    {\r\n      \"type\": \"text\",\r\n      \"cont\": \"<p class=\\\"p1\\\"><span style=\\\"font-size: 12px; font-family: helvetica, sans-serif;\\\">Personal Educator is a work about <i>play<\/i>, developing over three performances in collaboration with its audience\/participants and inviting a collective response to its content through engagement and feedback.\u00a0<\/span><br \/><span style=\\\"font-size: 12px; font-family: helvetica, sans-serif;\\\">The first performance comprises of five acts placing the audience in respective passive\/active roles, presenting a history and a potential future perspective of the body and the social, political and economical frameworks through which it functions.<\/span><br \/><span style=\\\"font-size: 12px; font-family: helvetica, sans-serif;\\\">The second and third performances will incorporate the interaction and feedback from the audience respectively and will therefore be directly informed by them.<\/span><\/p><p class=\\\"p1\\\"><span style=\\\"font-size: 12px; font-family: helvetica, sans-serif;\\\">The space at Parkhaus will include play panels that can be assembled together in different ways to make seats or props or create platforms as determined by the audience\/participants.<\/span><br \/><span style=\\\"font-size: 12px; font-family: helvetica, sans-serif;\\\">The play panels have been developed in collaboration with Richard Dattner, who originally designed them in the 1960s for the Adventure Playground in Central Park inNew York. They have been out of production since and represent the alternative to traditional equipment by inviting the user to define their own forms and spaces of play.<\/span><\/p>\",\r\n      \"align\": \"top\",\r\n      \"row\": 1,\r\n      \"col\": 7,\r\n      \"colspan\": 5,\r\n      \"offsetx\": 0,\r\n      \"offsety\": 0,\r\n      \"spaceabove\": 0,\r\n      \"spacebelow\": 0,\r\n      \"yvel\": 0,\r\n      \"push\": 1,\r\n      \"relid\": 7\r\n    },\r\n    {\r\n      \"type\": \"text\",\r\n      \"cont\": \"<p class=\\\"p1\\\"><span style=\\\"font-size: 12px; font-family: helvetica, sans-serif;\\\">Spielpl\u00e4tze sind stark aufgeladene und lebendige soziale R\u00e4ume. Diese R\u00e4ume sind voller M\u00f6glichkeiten zur Besch\u00e4ftigung und Interaktion und spiegeln eindringlich wieder, wie eine Gemeinschaft an das Lernen herangeht.<\/span><br \/><span style=\\\"font-size: 12px; font-family: helvetica, sans-serif;\\\">Die Mehrheit der Spielpl\u00e4tze sind jedoch abgez\u00e4unt und formal vordefiniert. Sie bestehen aus einer althergebrachten Zusammenstellung von Strukturen. Die Materialien und ihre Formen sind statisch und legen die M\u00f6glichkeiten der Interaktion fest. Leichte Instandhaltbarkeit, Langlebigkeit und Strapazierf\u00e4higkeit sind die hervorstechenden Eigenschaften der meisten Spielpl\u00e4tze und Kennzeichen einer Industrialisierung des Spielaktes. Sie definieren wann er beginnt und wann er endet. Spielen wird als Aktivit\u00e4t f\u00fcr Kinder betrachtet. Sobald Erwachsene spielen, verlangt der wettstreitende Charakter dieser Aktivit\u00e4t nach quantitativ messbaren und vergleichbaren Ergebnissen.<\/span><br \/><span style=\\\"font-size: 12px; font-family: helvetica, sans-serif;\\\">Die Nutzer von Spielpl\u00e4tzen kommen immer seltener zur\u00fcck, sobald sie alt genug sind um zur Schule zu gehen. In dieser Umgebung ist eine neue Reihe von Rahmenbedingungen gesetzt, welche den Lernprozess beeinflussen.<\/span><br \/><span style=\\\"font-size: 12px; font-family: helvetica, sans-serif;\\\">Historisch haben Schulen seit jeher ihren geistigen und baulichen Charakter durch jene Autorit\u00e4ten erhalten, die sie legitimierten: fr\u00fcher durch die Kirche, sp\u00e4ter durch den Staat.<\/span><br \/><span style=\\\"font-size: 12px; font-family: helvetica, sans-serif;\\\">Es ist gut m\u00f6glich, dass die Schulen von morgen digitale Instanzen sein werden, welche den tonangebenden Big Tech Companies \u00e4hneln, die bereits Systeme unter dem Namen \u201aPersonalized learning Platforms\u2018 (PLP) kreieren. Das Schwinden von R\u00e4umen des Lernens ruft Bilder isolierter Individuen hervor, welche zwar in ihrer eigenen Geschwindigkeit arbeiten, jedoch in einer wachsenden Distanz zu ihresgleichen. Zeitgleich wird \u00fcber die Jahre zu jedem Individuum ein umfassendes Profil aufgespeichert, welches alles, von Bewertungen bis hin zu dem was gelesen und angesehen wird, beinhaltet.<\/span><\/p>\",\r\n      \"align\": \"top\",\r\n      \"row\": 2,\r\n      \"col\": 0,\r\n      \"colspan\": 5,\r\n      \"offsetx\": 0,\r\n      \"offsety\": 0,\r\n      \"spaceabove\": 0,\r\n      \"spacebelow\": 0,\r\n      \"yvel\": 0,\r\n      \"push\": 0,\r\n      \"relid\": 8\r\n    },\r\n    {\r\n      \"type\": \"text\",\r\n      \"cont\": \"<p class=\\\"p1\\\"><span style=\\\"font-size: 12px; font-family: helvetica, sans-serif;\\\">Das experimentelle Lehrst\u00fcck <i>Personal Educator<\/i> handelt vom Spiel. Es entwickelt sich \u00fcber drei Auff\u00fchrungen im Zusammenspiel mit seinen Besuchern\/Teilnehmern und l\u00e4d zur gemeinschaftlichen Reaktion auf seinen Inhalt durch Teilnahme und Feedback ein.<\/span><br \/><span style=\\\"font-size: 12px; font-family: helvetica, sans-serif;\\\">Die erste Auff\u00fchrung besteht aus f\u00fcnf Akten in denen das Publikum jeweils in aktive und passive Rollen versetzt wird. Sie stellt sowohl die Geschichte, als auch eine in der Zukunft m\u00f6gliche Betrachtungsweise des K\u00f6rpers vor - ebenso wie das soziale, politische und \u00f6konomische Gef\u00fcge, das auf ihn einwirkt. Die zweite und dritte Auff\u00fchrung werden die Interaktionen und das Feedback des Publikums mit einbeziehen und somit unmittelbar von ihm mitgepr\u00e4gt.<\/span><\/p><p class=\\\"p1\\\"><span style=\\\"font-size: 12px; font-family: helvetica, sans-serif;\\\">Im Raum des Parkhauses im Malkastenpark<span class=\\\"Apple-converted-space\\\">\u00a0 <\/span>befinden sich Spielpaneele, die auf unterschiedliche Weise zusammengesteckt werden k\u00f6nnen, um je nach Vorgabe der Besucher Sitze, Requisiten oder Podeste zu bilden.Die Spielpaneele wurden in Kollaboration mit Richard Dattner entwickelt, der diese urspr\u00fcnglich in den 1960er Jahren f\u00fcr einen Abenteuerspielplatz im Central Park in New York entworfen hat. Seitdem wurden sie nicht mehr hergestellt. Sie verk\u00f6rpern eine alternative zu den traditionellen Spielger\u00e4ten, indem sie ihre Nutzer dazu einladen, ihre eigenen Formen und R\u00e4ume f\u00fcr das Spiel zu definieren.<\/span><\/p>\",\r\n      \"align\": \"top\",\r\n      \"row\": 2,\r\n      \"col\": 7,\r\n      \"colspan\": 5,\r\n      \"offsetx\": 0,\r\n      \"offsety\": 0,\r\n      \"spaceabove\": 0,\r\n      \"spacebelow\": 0,\r\n      \"yvel\": 0,\r\n      \"push\": 2,\r\n      \"relid\": 9\r\n    },\r\n    {\r\n      \"type\": \"text\",\r\n      \"cont\": \"<p><span style=\\\"font-size: 12px; font-family: helvetica, sans-serif;\\\">Spielpaneele in Kollaboration mit Richard Dattner.<\/span><br \/><span style=\\\"font-size: 12px; font-family: helvetica, sans-serif;\\\">Performance mit Jana Jess, Steffen Lehmitz, Niklas Mitteregger, Kilian Ponert.<\/span><br \/><span style=\\\"font-size: 12px; font-family: helvetica, sans-serif;\\\">Kostume in Kollaboration mit Nora Hansen.<\/span><\/p>\",\r\n      \"align\": \"bottom\",\r\n      \"row\": 3,\r\n      \"col\": 0,\r\n      \"colspan\": 5,\r\n      \"offsetx\": 0,\r\n      \"offsety\": 0,\r\n      \"spaceabove\": 0,\r\n      \"spacebelow\": 0,\r\n      \"yvel\": 0,\r\n      \"push\": 0,\r\n      \"relid\": 10\r\n    }\r\n  ]\r\n}","phonegrid":"","_links":{"self":[{"href":"https:\/\/farishams.com\/home\/wp-json\/wp\/v2\/pages\/211","targetHints":{"allow":["GET"]}}],"collection":[{"href":"https:\/\/farishams.com\/home\/wp-json\/wp\/v2\/pages"}],"about":[{"href":"https:\/\/farishams.com\/home\/wp-json\/wp\/v2\/types\/page"}],"author":[{"embeddable":true,"href":"https:\/\/farishams.com\/home\/wp-json\/wp\/v2\/users\/1"}],"replies":[{"embeddable":true,"href":"https:\/\/farishams.com\/home\/wp-json\/wp\/v2\/comments?post=211"}],"version-history":[{"count":0,"href":"https:\/\/farishams.com\/home\/wp-json\/wp\/v2\/pages\/211\/revisions"}],"wp:attachment":[{"href":"https:\/\/farishams.com\/home\/wp-json\/wp\/v2\/media?parent=211"}],"curies":[{"name":"wp","href":"https:\/\/api.w.org\/{rel}","templated":true}]}}