{"id":214,"date":"2018-06-20T10:48:48","date_gmt":"2018-06-20T08:48:48","guid":{"rendered":"http:\/\/farishams.com\/home\/?page_id=214"},"modified":"2023-06-20T15:00:53","modified_gmt":"2023-06-20T13:00:53","slug":"a-movie-that-defines-my-life-is","status":"publish","type":"page","link":"https:\/\/farishams.com\/home\/a-movie-that-defines-my-life-is\/","title":{"rendered":"a movie that defines my life is&#8230;"},"content":{"rendered":"","protected":false},"excerpt":{"rendered":"","protected":false},"author":1,"featured_media":0,"parent":0,"menu_order":6,"comment_status":"closed","ping_status":"closed","template":"","meta":[],"class_list":["post-214","page","type-page","status-publish","hentry"],"grid":"{\r\n  \"colCount\": 12,\r\n  \"colGutter\": 1,\r\n  \"rowGutters\": [\r\n    3\r\n  ],\r\n  \"frameMargin\": 8,\r\n  \"topFrameMargin\": 75,\r\n  \"bottomFrameMargin\": 5,\r\n  \"rowAttrs\": [\r\n    {},\r\n    {}\r\n  ],\r\n  \"bgColor\": null,\r\n  \"cont\": [\r\n    {\r\n      \"type\": \"img\",\r\n      \"attid\": 213,\r\n      \"sizes\": {\r\n        \"_768\": \"http:\/\/farishams.com\/home\/wp-content\/uploads\/2018\/06\/Fari-Shams-web-image-768x432.jpg\",\r\n        \"_512\": \"http:\/\/farishams.com\/home\/wp-content\/uploads\/2018\/06\/Fari-Shams-web-image-512x288.jpg\",\r\n        \"_265\": \"http:\/\/farishams.com\/home\/wp-content\/uploads\/2018\/06\/Fari-Shams-web-image-265x149.jpg\",\r\n        \"full\": \"http:\/\/farishams.com\/home\/wp-content\/uploads\/2018\/06\/Fari-Shams-web-image.jpg\"\r\n      },\r\n      \"cont\": \"http:\/\/farishams.com\/home\/wp-content\/uploads\/2018\/06\/Fari-Shams-web-image-768x432.jpg\",\r\n      \"align\": \"bottom\",\r\n      \"row\": 0,\r\n      \"col\": 2,\r\n      \"colspan\": 9,\r\n      \"ar\": 0.562,\r\n      \"alt\": \"\",\r\n      \"offsetx\": 0,\r\n      \"offsety\": 0,\r\n      \"spaceabove\": 0,\r\n      \"spacebelow\": 0,\r\n      \"yvel\": 0,\r\n      \"push\": 2,\r\n      \"relid\": 4,\r\n      \"caption\": \"<p><span style=\\\"font-size: 10px;\\\"><br \/>a movie that defines my life is...<br \/>2018 <br \/><span>audio tour in D\u00fcsseldorf\u00a0<\/span><br \/><\/span><\/p>\"\r\n    },\r\n    {\r\n      \"type\": \"text\",\r\n      \"cont\": \"<p class=\\\"p1\\\"><span style=\\\"font-family: helvetica, sans-serif;\\\">Walking through the streets around the main train station in D\u00fcsseldorf, the post World War II architecture imposes a sense of disorientation upon its visitor. Unlike the centre of the city where exhibitions of glossy vitrines and overcrowded boutiques display brands, identities and images, the neighbourhoods clustered around the station are blatantly about something other than the maintenance of appearances. Behind the bland exteriors that have nothing to say to you as you pass by are homes, offices, embassies, brothels, mosques, playgrounds, and small businesses whose character is kept at a distance.<\/span><\/p><p class=\\\"p1\\\"><span style=\\\"font-family: helvetica, sans-serif;\\\">This audio tour takes the visitor on a walk to seven different locations in the neighbourhoods around the main station where, upon arrival, personal mobile devices can be used to listen to site specific conversations with people living or working around the corresponding location. Small business owner, homeless, Moroccan, German, Social worker or manager, the identities of these individuals merge through a re-recording of their stories using a single voice.<\/span><br \/><span style=\\\"font-family: helvetica, sans-serif;\\\">The square outside Immermannhof, a playground, the central Library, or the walkway towards the platform of Wehrhahn S station turn into temporary platforms for storytelling.<\/span><\/p>\",\r\n      \"align\": \"top\",\r\n      \"row\": 1,\r\n      \"col\": 2,\r\n      \"colspan\": 4,\r\n      \"offsetx\": 0,\r\n      \"offsety\": 0,\r\n      \"spaceabove\": 0,\r\n      \"spacebelow\": 0,\r\n      \"yvel\": 0,\r\n      \"push\": 2,\r\n      \"relid\": 6\r\n    },\r\n    {\r\n      \"type\": \"text\",\r\n      \"cont\": \"<p class=\\\"p1\\\"><span style=\\\"font-family: helvetica, sans-serif;\\\">L\u00e4uft man durch die Stra\u00dfen in der N\u00e4he des D\u00fcsseldorfer Hauptbahnhofs, l\u00f6st die dortige Nachkriegsarchitektur unweigerlich ein Gef\u00fchl der Orientierungslosigkeit aus. Anders als im Stadtzentrum, wo in gl\u00e4nzenden Vitrinen und \u00fcberf\u00fcllten Boutiquen Marken, Identit\u00e4ten und Bilder ausgestellt werden, dreht sich in dem an den Bahnhof grenzenden Stadtviertel um etwas anderes als die Pflege von \u00c4u\u00dferlichkeiten. Hinter dem unscheinbaren \u00c4u\u00dferen liegen Wohnungen, B\u00fcros, Botschaften, Bordelle, Moscheen, Spielpl\u00e4tze und kleine L\u00e4den, deren Charakter sich einem zun\u00e4chst entzieht.<\/span><\/p><p class=\\\"p1\\\"><span style=\\\"font-family: helvetica, sans-serif;\\\">Die Audiof\u00fchrung nimmt den Besucher mit auf einen Spaziergang zu sieben verschiedenen, in Bahnhofsn\u00e4he gelegenen Orten. Nach ihrer Ankunft k\u00f6nnen die Besucher auf ihrem Mobilger\u00e4t ortsspezifische Gespr\u00e4che mit Menschen anh\u00f6ren, die im umkreis des jeweiligen Ortes leben oder arbeiten. Ladenbesitzer, Obdachloser, Marokkaner, Deutscher, Sozialarbeiter oder Manager \u2013 die Identit\u00e4ten dieser Personen verschmelzen in der mit einer einzigen Stimme ausgef\u00fchrten Neuvertonung ihrer Geschichten.<\/span><br \/><span style=\\\"font-family: helvetica, sans-serif;\\\">Der Platz vor dem Immermannhof, ein Spielplatz, die Zentralbibliothek, oder der Weg von Ackerstra\u00dfe zum Wehrhahn-Bahnsteig werden zu tempor\u00e4ren B\u00fchnen des Geschichtenerz\u00e4hlens.<\/span><\/p>\",\r\n      \"align\": \"top\",\r\n      \"row\": 1,\r\n      \"col\": 6,\r\n      \"colspan\": 4,\r\n      \"offsetx\": 0,\r\n      \"offsety\": 0,\r\n      \"spaceabove\": 0,\r\n      \"spacebelow\": 0,\r\n      \"yvel\": 0,\r\n      \"push\": 0,\r\n      \"relid\": 7\r\n    }\r\n  ]\r\n}","phonegrid":"","_links":{"self":[{"href":"https:\/\/farishams.com\/home\/wp-json\/wp\/v2\/pages\/214","targetHints":{"allow":["GET"]}}],"collection":[{"href":"https:\/\/farishams.com\/home\/wp-json\/wp\/v2\/pages"}],"about":[{"href":"https:\/\/farishams.com\/home\/wp-json\/wp\/v2\/types\/page"}],"author":[{"embeddable":true,"href":"https:\/\/farishams.com\/home\/wp-json\/wp\/v2\/users\/1"}],"replies":[{"embeddable":true,"href":"https:\/\/farishams.com\/home\/wp-json\/wp\/v2\/comments?post=214"}],"version-history":[{"count":0,"href":"https:\/\/farishams.com\/home\/wp-json\/wp\/v2\/pages\/214\/revisions"}],"wp:attachment":[{"href":"https:\/\/farishams.com\/home\/wp-json\/wp\/v2\/media?parent=214"}],"curies":[{"name":"wp","href":"https:\/\/api.w.org\/{rel}","templated":true}]}}