{"id":304,"date":"2021-09-15T00:49:42","date_gmt":"2021-09-14T22:49:42","guid":{"rendered":"http:\/\/farishams.com\/home\/?page_id=304"},"modified":"2021-09-15T01:04:22","modified_gmt":"2021-09-14T23:04:22","slug":"european-civilization-peter-the-great-and-the-order-of-things-book","status":"publish","type":"page","link":"https:\/\/farishams.com\/home\/european-civilization-peter-the-great-and-the-order-of-things-book\/","title":{"rendered":"European Civilization, Peter the Great and the Order of Things-book"},"content":{"rendered":"","protected":false},"excerpt":{"rendered":"","protected":false},"author":1,"featured_media":0,"parent":0,"menu_order":12,"comment_status":"closed","ping_status":"closed","template":"","meta":[],"class_list":["post-304","page","type-page","status-publish","hentry"],"grid":"{\r\n  \"colCount\": 12,\r\n  \"colGutter\": 1,\r\n  \"rowGutters\": [\r\n    5\r\n  ],\r\n  \"frameMargin\": 5,\r\n  \"topFrameMargin\": 40,\r\n  \"bottomFrameMargin\": 5,\r\n  \"rowAttrs\": [\r\n    {},\r\n    {}\r\n  ],\r\n  \"bgColor\": null,\r\n  \"cont\": [\r\n    {\r\n      \"type\": \"carousel\",\r\n      \"cont\": \"\",\r\n      \"align\": \"top\",\r\n      \"row\": 0,\r\n      \"col\": 0,\r\n      \"colspan\": 12,\r\n      \"offsetx\": 0,\r\n      \"offsety\": 0,\r\n      \"spaceabove\": 0,\r\n      \"spacebelow\": 0,\r\n      \"yvel\": 1,\r\n      \"push\": 0,\r\n      \"relid\": 2658,\r\n      \"carousel_options\": {\r\n        \"random\": false,\r\n        \"autoplay\": false,\r\n        \"showMultipleSlides\": false,\r\n        \"freeScroll\": false,\r\n        \"size\": \"aspectRatioOfFirstElement\",\r\n        \"slidesWidth\": \"null\",\r\n        \"transition\": \"sliding\",\r\n        \"loop\": \"1\",\r\n        \"spaceBetween\": 0\r\n      },\r\n      \"carousel\": [\r\n        {\r\n          \"type\": \"img\",\r\n          \"attid\": 309,\r\n          \"cont\": \"\/wp-content\/uploads\/2021\/09\/4_installation-view-kunsraum-mu\u0308nchen-projektion2.jpg\",\r\n          \"sizes\": {\r\n            \"full\": \"\/wp-content\/uploads\/2021\/09\/4_installation-view-kunsraum-mu\u0308nchen-projektion2.jpg\",\r\n            \"_2560\": \"\/wp-content\/uploads\/2021\/09\/4_installation-view-kunsraum-mu\u0308nchen-projektion2-2560x1707.jpg\",\r\n            \"_1920\": \"\/wp-content\/uploads\/2021\/09\/4_installation-view-kunsraum-mu\u0308nchen-projektion2-1920x1280.jpg\",\r\n            \"_1280\": \"\/wp-content\/uploads\/2021\/09\/4_installation-view-kunsraum-mu\u0308nchen-projektion2-1280x853.jpg\",\r\n            \"_1024\": \"\/wp-content\/uploads\/2021\/09\/4_installation-view-kunsraum-mu\u0308nchen-projektion2-1024x683.jpg\",\r\n            \"_768\": \"\/wp-content\/uploads\/2021\/09\/4_installation-view-kunsraum-mu\u0308nchen-projektion2-768x512.jpg\",\r\n            \"_512\": \"\/wp-content\/uploads\/2021\/09\/4_installation-view-kunsraum-mu\u0308nchen-projektion2-512x341.jpg\",\r\n            \"_265\": \"\/wp-content\/uploads\/2021\/09\/4_installation-view-kunsraum-mu\u0308nchen-projektion2-265x177.jpg\"\r\n          },\r\n          \"w\": 2835,\r\n          \"h\": 1890,\r\n          \"ar\": 0.6666666666666666,\r\n          \"alt\": \"\"\r\n        },\r\n        {\r\n          \"type\": \"img\",\r\n          \"attid\": 306,\r\n          \"cont\": \"\/wp-content\/uploads\/2021\/09\/9_no-identity-shownBOOK.jpg\",\r\n          \"sizes\": {\r\n            \"full\": \"\/wp-content\/uploads\/2021\/09\/9_no-identity-shownBOOK.jpg\",\r\n            \"_1920\": \"\/wp-content\/uploads\/2021\/09\/9_no-identity-shownBOOK-1920x1356.jpg\",\r\n            \"_1280\": \"\/wp-content\/uploads\/2021\/09\/9_no-identity-shownBOOK-1280x904.jpg\",\r\n            \"_1024\": \"\/wp-content\/uploads\/2021\/09\/9_no-identity-shownBOOK-1024x723.jpg\",\r\n            \"_768\": \"\/wp-content\/uploads\/2021\/09\/9_no-identity-shownBOOK-768x543.jpg\",\r\n            \"_512\": \"\/wp-content\/uploads\/2021\/09\/9_no-identity-shownBOOK-512x362.jpg\",\r\n            \"_265\": \"\/wp-content\/uploads\/2021\/09\/9_no-identity-shownBOOK-265x187.jpg\"\r\n          },\r\n          \"w\": 2126,\r\n          \"h\": 1502,\r\n          \"ar\": 0.7064910630291628,\r\n          \"alt\": \"\"\r\n        },\r\n        {\r\n          \"type\": \"img\",\r\n          \"attid\": 311,\r\n          \"cont\": \"\/wp-content\/uploads\/2021\/09\/10_Installation-view-kunstakademie-Du\u0308sseldorf-detail2.jpg\",\r\n          \"sizes\": {\r\n            \"full\": \"\/wp-content\/uploads\/2021\/09\/10_Installation-view-kunstakademie-Du\u0308sseldorf-detail2.jpg\",\r\n            \"_1920\": \"\/wp-content\/uploads\/2021\/09\/10_Installation-view-kunstakademie-Du\u0308sseldorf-detail2-1920x1322.jpg\",\r\n            \"_1280\": \"\/wp-content\/uploads\/2021\/09\/10_Installation-view-kunstakademie-Du\u0308sseldorf-detail2-1280x881.jpg\",\r\n            \"_1024\": \"\/wp-content\/uploads\/2021\/09\/10_Installation-view-kunstakademie-Du\u0308sseldorf-detail2-1024x705.jpg\",\r\n            \"_768\": \"\/wp-content\/uploads\/2021\/09\/10_Installation-view-kunstakademie-Du\u0308sseldorf-detail2-768x529.jpg\",\r\n            \"_512\": \"\/wp-content\/uploads\/2021\/09\/10_Installation-view-kunstakademie-Du\u0308sseldorf-detail2-512x353.jpg\",\r\n            \"_265\": \"\/wp-content\/uploads\/2021\/09\/10_Installation-view-kunstakademie-Du\u0308sseldorf-detail2-265x182.jpg\"\r\n          },\r\n          \"w\": 2126,\r\n          \"h\": 1464,\r\n          \"ar\": 0.6886171213546566,\r\n          \"alt\": \"\"\r\n        },\r\n        {\r\n          \"type\": \"img\",\r\n          \"attid\": 305,\r\n          \"cont\": \"\/wp-content\/uploads\/2021\/09\/11_images-that-function-with-text4BOOK-e1631659724387.jpg\",\r\n          \"sizes\": {\r\n            \"full\": \"\/wp-content\/uploads\/2021\/09\/11_images-that-function-with-text4BOOK-e1631659724387.jpg\",\r\n            \"_1920\": \"\/wp-content\/uploads\/2021\/09\/11_images-that-function-with-text4BOOK-1920x1356.jpg\",\r\n            \"_1280\": \"\/wp-content\/uploads\/2021\/09\/11_images-that-function-with-text4BOOK-1280x904.jpg\",\r\n            \"_1024\": \"\/wp-content\/uploads\/2021\/09\/11_images-that-function-with-text4BOOK-1024x723.jpg\",\r\n            \"_768\": \"\/wp-content\/uploads\/2021\/09\/11_images-that-function-with-text4BOOK-768x543.jpg\",\r\n            \"_512\": \"\/wp-content\/uploads\/2021\/09\/11_images-that-function-with-text4BOOK-512x362.jpg\",\r\n            \"_265\": \"\/wp-content\/uploads\/2021\/09\/11_images-that-function-with-text4BOOK-265x187.jpg\"\r\n          },\r\n          \"w\": 1200,\r\n          \"h\": 848,\r\n          \"ar\": 0.7066666666666667,\r\n          \"alt\": \"\"\r\n        },\r\n        {\r\n          \"type\": \"img\",\r\n          \"attid\": 308,\r\n          \"cont\": \"\/wp-content\/uploads\/2021\/09\/6_Installation-view-kunstakademie-Du\u0308sseldorf.jpg\",\r\n          \"sizes\": {\r\n            \"full\": \"\/wp-content\/uploads\/2021\/09\/6_Installation-view-kunstakademie-Du\u0308sseldorf.jpg\",\r\n            \"_1920\": \"\/wp-content\/uploads\/2021\/09\/6_Installation-view-kunstakademie-Du\u0308sseldorf-1920x1278.jpg\",\r\n            \"_1280\": \"\/wp-content\/uploads\/2021\/09\/6_Installation-view-kunstakademie-Du\u0308sseldorf-1280x852.jpg\",\r\n            \"_1024\": \"\/wp-content\/uploads\/2021\/09\/6_Installation-view-kunstakademie-Du\u0308sseldorf-1024x682.jpg\",\r\n            \"_768\": \"\/wp-content\/uploads\/2021\/09\/6_Installation-view-kunstakademie-Du\u0308sseldorf-768x511.jpg\",\r\n            \"_512\": \"\/wp-content\/uploads\/2021\/09\/6_Installation-view-kunstakademie-Du\u0308sseldorf-512x341.jpg\",\r\n            \"_265\": \"\/wp-content\/uploads\/2021\/09\/6_Installation-view-kunstakademie-Du\u0308sseldorf-265x176.jpg\"\r\n          },\r\n          \"w\": 2126,\r\n          \"h\": 1415,\r\n          \"ar\": 0.6655691439322672,\r\n          \"alt\": \"\"\r\n        },\r\n        {\r\n          \"type\": \"img\",\r\n          \"attid\": 307,\r\n          \"cont\": \"\/wp-content\/uploads\/2021\/09\/7_arial-view3BOOK.jpg\",\r\n          \"sizes\": {\r\n            \"full\": \"\/wp-content\/uploads\/2021\/09\/7_arial-view3BOOK.jpg\",\r\n            \"_1920\": \"\/wp-content\/uploads\/2021\/09\/7_arial-view3BOOK-1920x1356.jpg\",\r\n            \"_1280\": \"\/wp-content\/uploads\/2021\/09\/7_arial-view3BOOK-1280x904.jpg\",\r\n            \"_1024\": \"\/wp-content\/uploads\/2021\/09\/7_arial-view3BOOK-1024x723.jpg\",\r\n            \"_768\": \"\/wp-content\/uploads\/2021\/09\/7_arial-view3BOOK-768x543.jpg\",\r\n            \"_512\": \"\/wp-content\/uploads\/2021\/09\/7_arial-view3BOOK-512x362.jpg\",\r\n            \"_265\": \"\/wp-content\/uploads\/2021\/09\/7_arial-view3BOOK-265x187.jpg\"\r\n          },\r\n          \"w\": 2126,\r\n          \"h\": 1502,\r\n          \"ar\": 0.7064910630291628,\r\n          \"alt\": \"\"\r\n        }\r\n      ],\r\n      \"frameOverflow\": \"\"\r\n    },\r\n    {\r\n      \"type\": \"text\",\r\n      \"cont\": \"<p>Fari Shams\u2019 project European Civilization Peter the Great and the Order of Things<br \/>presents itself in various ways: as art installation (2014), a post-Internet speculative data<br \/>calculator, and finally in the form of a book. The artist took the risk of confronting big data<br \/>strategies, by dissolving the borders between objective\/subjective, text\/image, and archive\/<br \/>algorithm with respect to historical systems of classification. From alphabetisation to<br \/>Diderot\u2019s Enclyclopedia and Adanson\u2019s classification of plants in Senegal; each attempt at<br \/>organising knowledge, though obsolete for today\u2019s science, generates unexpected<br \/>connections and iconographies in its contemporary re-processing. The three essays<br \/>published here take this work as a starting point for travelling the space of human culture<br \/>that always seeks to delineate and classify in order to understand and eventually take<br \/>control.<\/p><p><br \/>Morad Montazami<\/p>\",\r\n      \"align\": \"top\",\r\n      \"row\": 1,\r\n      \"col\": 0,\r\n      \"colspan\": 5,\r\n      \"offsetx\": 0,\r\n      \"offsety\": 0,\r\n      \"spaceabove\": 0,\r\n      \"spacebelow\": 0,\r\n      \"yvel\": 1,\r\n      \"push\": 0,\r\n      \"relid\": 4,\r\n      \"frameOverflow\": \"\"\r\n    },\r\n    {\r\n      \"type\": \"text\",\r\n      \"cont\": \"<p>Fari Shams Projekt <em>European Civilization \u2013 Peter the Great and the Order of Things<\/em> (Europ\u00e4ische Zivilisation \u2013 Peter der Gro\u00dfe und die Ordnung der Dinge) entfaltet sich in verschiedenen Formen: als k\u00fcnstlerische Installation (2014), als spekulativer Post-Internet-Datenrechner, schlie\u00dflich als Buch. Die\u00a0K\u00fcnstlerin hat sich Big-Data-Strategien gestellt, indem sie\u00a0mit Blick auf historische Klassifikationssysteme die Grenzen zwischen Objektivem und Subjektivem, Text und Bild, Archiv und Algorithmus aufgel\u00f6st hat. Von der Alphabetisierung hin zu Diderots Enzyklop\u00e4die und Adansons Klassifizierung von Pflanzen im Senegal; jeder \u2013 f\u00fcr die heutigen Wissenschaften hinf\u00e4llige \u2013 Versuch, Wissen zu organisieren, bringt in seiner zeitgen\u00f6ssischen Wiederaufnahme unerwartete Verkn\u00fcpfungen und Ikonografien hervor. Die drei hier ver\u00f6ffentlichten Essays nehmen diese Arbeit als Ausgangspunkt f\u00fcr eine Reise durch den Raum der menschlichen Kultur, die stets darauf aus ist, durch Beschreibungen und Klassifikationen Verst\u00e4ndnis und Kontrolle zu gewinnen.<\/p>\",\r\n      \"align\": \"top\",\r\n      \"row\": 1,\r\n      \"col\": 6,\r\n      \"colspan\": 4,\r\n      \"offsetx\": 0,\r\n      \"offsety\": 0,\r\n      \"spaceabove\": 0,\r\n      \"spacebelow\": 0,\r\n      \"yvel\": 1,\r\n      \"push\": 1,\r\n      \"relid\": 2659,\r\n      \"frameOverflow\": \"\"\r\n    }\r\n  ]\r\n}","phonegrid":"","_links":{"self":[{"href":"https:\/\/farishams.com\/home\/wp-json\/wp\/v2\/pages\/304","targetHints":{"allow":["GET"]}}],"collection":[{"href":"https:\/\/farishams.com\/home\/wp-json\/wp\/v2\/pages"}],"about":[{"href":"https:\/\/farishams.com\/home\/wp-json\/wp\/v2\/types\/page"}],"author":[{"embeddable":true,"href":"https:\/\/farishams.com\/home\/wp-json\/wp\/v2\/users\/1"}],"replies":[{"embeddable":true,"href":"https:\/\/farishams.com\/home\/wp-json\/wp\/v2\/comments?post=304"}],"version-history":[{"count":0,"href":"https:\/\/farishams.com\/home\/wp-json\/wp\/v2\/pages\/304\/revisions"}],"wp:attachment":[{"href":"https:\/\/farishams.com\/home\/wp-json\/wp\/v2\/media?parent=304"}],"curies":[{"name":"wp","href":"https:\/\/api.w.org\/{rel}","templated":true}]}}

{
  "colCount": 12,
  "colGutter": 1,
  "rowGutters": [
    5
  ],
  "frameMargin": 5,
  "topFrameMargin": 40,
  "bottomFrameMargin": 5,
  "rowAttrs": [
    {},
    {}
  ],
  "bgColor": null,
  "cont": [
    {
      "type": "carousel",
      "cont": "",
      "align": "top",
      "row": 0,
      "col": 0,
      "colspan": 12,
      "offsetx": 0,
      "offsety": 0,
      "spaceabove": 0,
      "spacebelow": 0,
      "yvel": 1,
      "push": 0,
      "relid": 2658,
      "carousel_options": {
        "random": false,
        "autoplay": false,
        "showMultipleSlides": false,
        "freeScroll": false,
        "size": "aspectRatioOfFirstElement",
        "slidesWidth": "null",
        "transition": "sliding",
        "loop": "1",
        "spaceBetween": 0
      },
      "carousel": [
        {
          "type": "img",
          "attid": 309,
          "cont": "/wp-content/uploads/2021/09/4_installation-view-kunsraum-münchen-projektion2.jpg",
          "sizes": {
            "full": "/wp-content/uploads/2021/09/4_installation-view-kunsraum-münchen-projektion2.jpg",
            "_2560": "/wp-content/uploads/2021/09/4_installation-view-kunsraum-münchen-projektion2-2560x1707.jpg",
            "_1920": "/wp-content/uploads/2021/09/4_installation-view-kunsraum-münchen-projektion2-1920x1280.jpg",
            "_1280": "/wp-content/uploads/2021/09/4_installation-view-kunsraum-münchen-projektion2-1280x853.jpg",
            "_1024": "/wp-content/uploads/2021/09/4_installation-view-kunsraum-münchen-projektion2-1024x683.jpg",
            "_768": "/wp-content/uploads/2021/09/4_installation-view-kunsraum-münchen-projektion2-768x512.jpg",
            "_512": "/wp-content/uploads/2021/09/4_installation-view-kunsraum-münchen-projektion2-512x341.jpg",
            "_265": "/wp-content/uploads/2021/09/4_installation-view-kunsraum-münchen-projektion2-265x177.jpg"
          },
          "w": 2835,
          "h": 1890,
          "ar": 0.6666666666666666,
          "alt": ""
        },
        {
          "type": "img",
          "attid": 306,
          "cont": "/wp-content/uploads/2021/09/9_no-identity-shownBOOK.jpg",
          "sizes": {
            "full": "/wp-content/uploads/2021/09/9_no-identity-shownBOOK.jpg",
            "_1920": "/wp-content/uploads/2021/09/9_no-identity-shownBOOK-1920x1356.jpg",
            "_1280": "/wp-content/uploads/2021/09/9_no-identity-shownBOOK-1280x904.jpg",
            "_1024": "/wp-content/uploads/2021/09/9_no-identity-shownBOOK-1024x723.jpg",
            "_768": "/wp-content/uploads/2021/09/9_no-identity-shownBOOK-768x543.jpg",
            "_512": "/wp-content/uploads/2021/09/9_no-identity-shownBOOK-512x362.jpg",
            "_265": "/wp-content/uploads/2021/09/9_no-identity-shownBOOK-265x187.jpg"
          },
          "w": 2126,
          "h": 1502,
          "ar": 0.7064910630291628,
          "alt": ""
        },
        {
          "type": "img",
          "attid": 311,
          "cont": "/wp-content/uploads/2021/09/10_Installation-view-kunstakademie-Düsseldorf-detail2.jpg",
          "sizes": {
            "full": "/wp-content/uploads/2021/09/10_Installation-view-kunstakademie-Düsseldorf-detail2.jpg",
            "_1920": "/wp-content/uploads/2021/09/10_Installation-view-kunstakademie-Düsseldorf-detail2-1920x1322.jpg",
            "_1280": "/wp-content/uploads/2021/09/10_Installation-view-kunstakademie-Düsseldorf-detail2-1280x881.jpg",
            "_1024": "/wp-content/uploads/2021/09/10_Installation-view-kunstakademie-Düsseldorf-detail2-1024x705.jpg",
            "_768": "/wp-content/uploads/2021/09/10_Installation-view-kunstakademie-Düsseldorf-detail2-768x529.jpg",
            "_512": "/wp-content/uploads/2021/09/10_Installation-view-kunstakademie-Düsseldorf-detail2-512x353.jpg",
            "_265": "/wp-content/uploads/2021/09/10_Installation-view-kunstakademie-Düsseldorf-detail2-265x182.jpg"
          },
          "w": 2126,
          "h": 1464,
          "ar": 0.6886171213546566,
          "alt": ""
        },
        {
          "type": "img",
          "attid": 305,
          "cont": "/wp-content/uploads/2021/09/11_images-that-function-with-text4BOOK-e1631659724387.jpg",
          "sizes": {
            "full": "/wp-content/uploads/2021/09/11_images-that-function-with-text4BOOK-e1631659724387.jpg",
            "_1920": "/wp-content/uploads/2021/09/11_images-that-function-with-text4BOOK-1920x1356.jpg",
            "_1280": "/wp-content/uploads/2021/09/11_images-that-function-with-text4BOOK-1280x904.jpg",
            "_1024": "/wp-content/uploads/2021/09/11_images-that-function-with-text4BOOK-1024x723.jpg",
            "_768": "/wp-content/uploads/2021/09/11_images-that-function-with-text4BOOK-768x543.jpg",
            "_512": "/wp-content/uploads/2021/09/11_images-that-function-with-text4BOOK-512x362.jpg",
            "_265": "/wp-content/uploads/2021/09/11_images-that-function-with-text4BOOK-265x187.jpg"
          },
          "w": 1200,
          "h": 848,
          "ar": 0.7066666666666667,
          "alt": ""
        },
        {
          "type": "img",
          "attid": 308,
          "cont": "/wp-content/uploads/2021/09/6_Installation-view-kunstakademie-Düsseldorf.jpg",
          "sizes": {
            "full": "/wp-content/uploads/2021/09/6_Installation-view-kunstakademie-Düsseldorf.jpg",
            "_1920": "/wp-content/uploads/2021/09/6_Installation-view-kunstakademie-Düsseldorf-1920x1278.jpg",
            "_1280": "/wp-content/uploads/2021/09/6_Installation-view-kunstakademie-Düsseldorf-1280x852.jpg",
            "_1024": "/wp-content/uploads/2021/09/6_Installation-view-kunstakademie-Düsseldorf-1024x682.jpg",
            "_768": "/wp-content/uploads/2021/09/6_Installation-view-kunstakademie-Düsseldorf-768x511.jpg",
            "_512": "/wp-content/uploads/2021/09/6_Installation-view-kunstakademie-Düsseldorf-512x341.jpg",
            "_265": "/wp-content/uploads/2021/09/6_Installation-view-kunstakademie-Düsseldorf-265x176.jpg"
          },
          "w": 2126,
          "h": 1415,
          "ar": 0.6655691439322672,
          "alt": ""
        },
        {
          "type": "img",
          "attid": 307,
          "cont": "/wp-content/uploads/2021/09/7_arial-view3BOOK.jpg",
          "sizes": {
            "full": "/wp-content/uploads/2021/09/7_arial-view3BOOK.jpg",
            "_1920": "/wp-content/uploads/2021/09/7_arial-view3BOOK-1920x1356.jpg",
            "_1280": "/wp-content/uploads/2021/09/7_arial-view3BOOK-1280x904.jpg",
            "_1024": "/wp-content/uploads/2021/09/7_arial-view3BOOK-1024x723.jpg",
            "_768": "/wp-content/uploads/2021/09/7_arial-view3BOOK-768x543.jpg",
            "_512": "/wp-content/uploads/2021/09/7_arial-view3BOOK-512x362.jpg",
            "_265": "/wp-content/uploads/2021/09/7_arial-view3BOOK-265x187.jpg"
          },
          "w": 2126,
          "h": 1502,
          "ar": 0.7064910630291628,
          "alt": ""
        }
      ],
      "frameOverflow": ""
    },
    {
      "type": "text",
      "cont": "<p>Fari Shams’ project European Civilization Peter the Great and the Order of Things<br />presents itself in various ways: as art installation (2014), a post-Internet speculative data<br />calculator, and finally in the form of a book. The artist took the risk of confronting big data<br />strategies, by dissolving the borders between objective/subjective, text/image, and archive/<br />algorithm with respect to historical systems of classification. From alphabetisation to<br />Diderot’s Enclyclopedia and Adanson’s classification of plants in Senegal; each attempt at<br />organising knowledge, though obsolete for today’s science, generates unexpected<br />connections and iconographies in its contemporary re-processing. The three essays<br />published here take this work as a starting point for travelling the space of human culture<br />that always seeks to delineate and classify in order to understand and eventually take<br />control.</p><p><br />Morad Montazami</p>",
      "align": "top",
      "row": 1,
      "col": 0,
      "colspan": 5,
      "offsetx": 0,
      "offsety": 0,
      "spaceabove": 0,
      "spacebelow": 0,
      "yvel": 1,
      "push": 0,
      "relid": 4,
      "frameOverflow": ""
    },
    {
      "type": "text",
      "cont": "<p>Fari Shams Projekt <em>European Civilization – Peter the Great and the Order of Things</em> (Europäische Zivilisation – Peter der Große und die Ordnung der Dinge) entfaltet sich in verschiedenen Formen: als künstlerische Installation (2014), als spekulativer Post-Internet-Datenrechner, schließlich als Buch. Die Künstlerin hat sich Big-Data-Strategien gestellt, indem sie mit Blick auf historische Klassifikationssysteme die Grenzen zwischen Objektivem und Subjektivem, Text und Bild, Archiv und Algorithmus aufgelöst hat. Von der Alphabetisierung hin zu Diderots Enzyklopädie und Adansons Klassifizierung von Pflanzen im Senegal; jeder – für die heutigen Wissenschaften hinfällige – Versuch, Wissen zu organisieren, bringt in seiner zeitgenössischen Wiederaufnahme unerwartete Verknüpfungen und Ikonografien hervor. Die drei hier veröffentlichten Essays nehmen diese Arbeit als Ausgangspunkt für eine Reise durch den Raum der menschlichen Kultur, die stets darauf aus ist, durch Beschreibungen und Klassifikationen Verständnis und Kontrolle zu gewinnen.</p>",
      "align": "top",
      "row": 1,
      "col": 6,
      "colspan": 4,
      "offsetx": 0,
      "offsety": 0,
      "spaceabove": 0,
      "spacebelow": 0,
      "yvel": 1,
      "push": 1,
      "relid": 2659,
      "frameOverflow": ""
    }
  ]
}
